et t be (-35)/7 - 1/1. Let z(m) = -3*m**2 + 6*m + 4*m**2 + 2 - 1. What is the units digit of z(t)?
1
Suppose 265 = 4*j - 83. What is the tens digit of j?
8
What is the hundreds digit of 169*(-2)/6*(-10 + 7)?
1
Suppose -14 = i - 48. Suppose -3*p - 5*k = 19, 0*p + i = -2*p + 2*k. Let m = -5 - p. What is the units digit of m?
8
Let f be 37 + -3 + 3 + 3. Suppose -5*v + f = -s, 20 = -v + 6*v - 5*s. What is the units digit of v?
9
Let r(u) = -5*u + 10. Let a(z) = 3 + 9*z - 3*z - 14. Let y(i) = -3*a(i) - 4*r(i). What is the units digit of y(7)?
7
Suppose -15 = 5*n, -4*n = 2*r - n + 1. What is the units digit of r - (0 + -4 + -27)?
5
Let f be 0 + (2 - -1)*1. Suppose u + 2*q = 9, f*u - 12 = -2*q + q. Suppose 2*x - 3*x - 1 = 0, -4*x - 13 = -u*g. What is the units digit of g?
3
Let o = 27 + 39. What is the tens digit of o?
6
Let f(y) be the third derivative of -y**6/120 + y**5/20 + 7*y**4/24 - y**3 + 2*y**2. Let o be f(4). Suppose 3 = -j + o. What is the units digit of j?
3
Let f(z) = -z**3 + 9*z**2 + z - 9. Let y be f(9). Suppose 8 = -y*v + v. What is the units digit of v?
8
Let z(s) = -s**3 + 6*s**2 - 4*s - 6. Let g be z(5). What is the units digit of (-17)/(g + (3 - 3))?
7
Suppose -2*x + 24 = -30. Suppose -2*t + 16 + 6 = 0. Let s = x - t. What is the tens digit of s?
1
Let s(p) = 3*p**2 + 4*p + 1. Let a(j) = -2*j**2 - 5*j - 2. Let z(o) = 4*a(o) + 3*s(o). Let v be z(8). Let t = 9 - v. What is the tens digit of t?
1
Let y(m) = -m**2 + 3*m + 4. Let u be y(4). Suppose -5*a + 2*a = u. Let o = 3 + a. What is the units digit of o?
3
What is the tens digit of -2*(-5)/20 + 238/4?
6
Let s = 176 + 45. What is the tens digit of s?
2
Let f = -2 + -6. Let a = -3 - f. What is the units digit of a?
5
Let a(u) = -2*u**3 - 3*u**2 - 6*u - 7. Let j be a(-5). Suppose 4*i + 3*y - j = 0, 2*y = 4*i - i - 157. What is the units digit of i?
1
Suppose 4*m - 2*j = 46, 3*j - 53 = -5*m + 10. What is the tens digit of m?
1
Let h = 107 - 92. What is the units digit of h?
5
Suppose -46 + 14 = -2*b. What is the units digit of b?
6
Suppose 5 = 5*r - 5. Suppose r*h - 14 = -0*n + 2*n, -2*n + 63 = 5*h. What is the units digit of h?
1
Let y = -120 + 178. What is the units digit of y?
8
Suppose 0 = -4*p - 3*m - 78, -5*m - 45 = p - 17. What is the units digit of (3/9)/((-2)/p)?
3
Let o be -11 + 14 + (0 - 3). Suppose o = z - 5*z + 176. What is the tens digit of z?
4
Suppose -24 = 4*a + 4. Let v(l) = -2*l - 6. What is the units digit of v(a)?
8
Let p(m) = 7*m**2 - 4. Let z = 10 + -8. What is the tens digit of p(z)?
2
Let l be 0 + 0 - (1 - 3). Suppose 0 = -5*m + 11 - 1, -18 = -2*z - m. Suppose -4*g + 20 = w, l*g - w = -2*w + z. What is the units digit of g?
6
Let w = 93 + -55. What is the tens digit of w?
3
Suppose -231 = 9*i - 1806. What is the tens digit of i?
7
Let y be (-4)/(-12)*(8 - -1). Let d be 6/y + (-13)/1. Let n = d - -18. What is the units digit of n?
7
Let i(b) = 20*b - 8. What is the units digit of i(3)?
2
Let y = -14 - -11. What is the units digit of (y/2)/(3/(-46))?
3
Suppose 4*h - 5*g - 38 = 3*h, 5*h = 5*g + 170. Let y = 47 - h. What is the units digit of y?
4
Suppose -32 = -2*p - 10. What is the tens digit of p?
1
Suppose -2*d + 14 = -14. Suppose 4*m + 29 = -5*a, 13 = 2*m - 0*m - 3*a. What is the units digit of 4*m*d/(-8)?
7
Suppose t + 0*t - 31 = 0. What is the units digit of t?
1
Let d(v) = v**3 - 17*v**2 - 18*v + 12. What is the tens digit of d(18)?
1
Suppose 1 = 5*y - 24. Suppose 6*c - 14 = y*c. What is the units digit of c?
4
Suppose -2*t = t + 105. Let h be 445/t - (-2)/(-7). Let k = -6 - h. What is the units digit of k?
7
Let f(n) = -n**2 - n + 7. Let k(z) = 2*z**2 + z - 15. Let c(p) = 9*f(p) + 4*k(p). Let w be c(-5). What is the tens digit of 3 + (24 - -3)/w?
1
Suppose 3*h - 7*x - 28 = -2*x, h = 5*x + 26. Let v = -1 + h. Suppose 33 = -v*t + 3*t. What is the tens digit of t?
1
Let g = 117 - 16. What is the hundreds digit of g?
1
Let o(z) = -2*z - 19. Let u be o(-11). Suppose -71 = -0*k - 2*k - 3*x, u*k + 3*x - 114 = 0. What is the tens digit of k?
4
What is the units digit of 18/24 - 1/(-4)?
1
Suppose x - 4 = 2. Let o(f) be the first derivative of f**2/2 - 2*f + 1. What is the units digit of o(x)?
4
Let x = -193 + 41. What is the tens digit of ((-6)/4)/(12/x)?
1
Let y be (-2)/(-4) - (-39)/6. Let z = -5 + y. Let v = z - -2. What is the units digit of v?
4
What is the tens digit of (68/(-12))/((-2)/6)?
1
Suppose 15*x - 18*x + 78 = 0. What is the units digit of x?
6
Suppose 3 = a - 5*w, a + 10 = -4*w - 5. Let q(v) = -v + 1. What is the units digit of q(a)?
8
Suppose 10*g = 5*g + 195. What is the tens digit of g?
3
What is the tens digit of (-8)/(-10) - 1072/(-10)?
0
Suppose -2*a + s + 1 = 5, 0 = -5*a - 3*s - 10. What is the tens digit of (3/a)/((-3)/22)?
1
Suppose -4*d - 130 = -2*g, 5*g - g - 280 = 4*d. Suppose 5*x = 3*l - l + g, 0 = -5*x + 4*l + 65. What is the tens digit of x?
1
Let h(o) = 2*o + o - 2 - 4*o. What is the units digit of h(-4)?
2
Let x(b) be the first derivative of 1 - 1/2*b**2 - 1/3*b**3 + 4*b. What is the units digit of x(0)?
4
Suppose -2 = -4*x + 6. Suppose o - x = -o. What is the units digit of 2/2*8*o?
8
Suppose 4*z - 10 = -z. Suppose 4*d - z*p = 6, 2*d + p = d + 3. Let w = d + -1. What is the units digit of w?
1
Let s(r) = 27 - 4 + 4*r**2 - 5*r**2 - r. What is the tens digit of s(0)?
2
What is the tens digit of ((-44)/10)/((-5)/25)?
2
Suppose -2*q + 6*q = -3*u + 75, -3*q + 4*u + 25 = 0. What is the units digit of q?
5
Let z = -90 + 126. What is the tens digit of z?
3
Suppose -m - 708 = -3*n - 0*m, -n + 2*m = -236. What is the units digit of n?
6
Let v(r) = -4*r**3 - 11*r**2 + 6. Let p(o) = -3*o**3 - 10*o**2 - o + 5. Let q(w) = 5*p(w) - 4*v(w). What is the units digit of q(7)?
5
Let x(v) = 9*v**2 - v + 1. Let q(d) = -d**2 + 11*d - 9. Let t be q(10). What is the units digit of x(t)?
9
Let a = -48 - -81. What is the tens digit of a?
3
Suppose -5*v + 24 = -51. Let m be ((-2)/(-4))/(3/24). Suppose m*f = -f + v. What is the units digit of f?
3
Suppose 4*z = 5*f + 1336, 633 = -3*z + 4*f + 1634. What is the tens digit of z?
3
Suppose 0 = 5*g + 17 - 2. What is the units digit of (3 - 9)*2/g?
4
Suppose 9*y = 3*y + 408. What is the units digit of y?
8
Let o(y) = 2*y**2 + 4*y + 3. Let i be o(-2). Suppose -4 = i*c - 13. Suppose -c*a + 3 = -2*a. What is the units digit of a?
3
Suppose 2*g = -0*g + 10. Suppose 279 = g*a + 49. What is the tens digit of a?
4
Let n(s) = -6*s**3 - 2*s**2 - 2*s - 1. Let h be n(-1). Suppose h*k + 19 = 79. What is the tens digit of k?
1
Let q(p) = 8*p - 3. Let v(i) = 15*i - 6. Let k(b) = 11*q(b) - 6*v(b). What is the tens digit of k(-8)?
1
Let y be (-2 - -5) + (23 - -5). Suppose -u - 5*s + y = 0, 6*u - u = -3*s + 89. What is the units digit of u?
6
Let r be 11/3 + (-1)/(-3). Suppose 2*v = 6, 5 = r*t - 3*v - 2*v. What is the units digit of t?
5
Suppose 3*i - 19 = -5*r, -5*i + 13 = 4*r - 10. Suppose -30 = -4*j - r. Suppose j*c - 20 = 2*c. What is the units digit of c?
4
Suppose -8*t + 132 = -2*t. What is the tens digit of t?
2
Let b(o) = o**2 + 11*o - 17. What is the hundreds digit of b(12)?
2
Suppose 40 = -r + 111. What is the units digit of r?
1
Let h(a) = a + 9. Let l(z) = -3*z - 19. Let c(d) = 13*h(d) + 6*l(d). What is the units digit of c(-4)?
3
What is the hundreds digit of (-1)/5*2 - (-2271)/15?
1
What is the units digit of (-10)/(-85) + 812/34?
4
Let n be (6 - 1)*8/20. Suppose u - n = 3. Suppose -u*x + 2*b + 45 = 8, 4*x - 52 = -4*b. What is the units digit of x?
9
Let g = 3 + 2. Suppose g*z - 2*z + 5 = 4*n, 5*n - 8 = 2*z. Suppose -3*l + 8 = -z. What is the units digit of l?
3
Let z = 1 - -1. Suppose -2*q + 3*k = z, 5*q - 5*k = 4*q - 8. Suppose -q*w + 17 = -w. What is the tens digit of w?
1
What is the tens digit of (-5 - -2)/(9/(-105))?
3
Let h be (-2)/5 - 17/(-5). Let l(o) = -3*o**2 - 4*o**2 + 4 - o**h + o**2. What is the units digit of l(-6)?
4
Let s(d) = d**3 - 7*d**2 - 2*d + 14. Let u be s(7). Suppose u*a + 51 = a. What is the units digit of a?
1
Suppose 2*f = -0*f + 5*z + 7, 2*z + 28 = 5*f. What is the units digit of f?
6
Let x(n) = 2*n - 8. Let f = 21 - 12. What is the units digit of x(f)?
0
What is the units digit of 4/(3 + -7) + 52?
1
Suppose 0 = c + 3*c - 20. Suppose -1 = 4*q - c. What is the units digit of q?
1
Suppose